{"id":172,"date":"2022-10-02T10:32:01","date_gmt":"2022-10-02T10:32:01","guid":{"rendered":"https:\/\/needit.hu\/?page_id=172"},"modified":"2022-10-02T11:28:49","modified_gmt":"2022-10-02T11:28:49","slug":"rendeszerpites","status":"publish","type":"page","link":"https:\/\/needit.hu\/index.php\/rendeszerpites\/","title":{"rendered":"Rendszerki\u00e9p\u00edt\u00e9s, rendszerintegr\u00e1ci\u00f3"},"content":{"rendered":"\n<div class=\"wp-block-columns is-layout-flex wp-container-core-columns-is-layout-9d6595d7 wp-block-columns-is-layout-flex\">\n<div class=\"wp-block-column is-layout-flow wp-block-column-is-layout-flow\">\n<p>Korszer\u0171, biztons\u00e1gos \u00e9s gyors&nbsp;<strong>informatikai eszk\u00f6z\u00f6k \u00e9s h\u00e1l\u00f3zatok<\/strong>&nbsp;n\u00e9lk\u00fcl aligha k\u00e9pzelhet\u0151 el eredm\u00e9nyes munkav\u00e9gz\u00e9s, hat\u00e9kony m\u0171k\u00f6d\u00e9s. Seg\u00edt\u00fcnk kialak\u00edtani vagy \u00e1talak\u00edtani a megfelel\u0151 eszk\u00f6zparkot a kapcsol\u00f3d\u00f3 infrastruktur\u00e1lis fejleszt\u00e9ssel egy\u00fctt. \u00dcgyfeleink&nbsp;<strong>informatikai rendszer\u00e9nek teljes ki\u00e9p\u00edt\u00e9s\u00e9t<\/strong>&nbsp;v\u00e1llaljuk, a h\u00e1l\u00f3zati elemekt\u0151l kezdve a szerverek \u00e9s kliens sz\u00e1m\u00edt\u00f3g\u00e9pek, az oper\u00e1ci\u00f3s rendszerek, szoftverelemeken kereszt\u00fcl eg\u00e9szen az alkalmaz\u00e1sok telep\u00edt\u00e9s\u00e9ig.<\/p>\n<\/div>\n<\/div>\n\n\n\n<div class=\"wp-block-buttons is-layout-flex wp-block-buttons-is-layout-flex\">\n<div class=\"wp-block-button\"><a class=\"wp-block-button__link\" href=\"szolgaltatasok\">Vissza<\/a><\/div>\n<\/div>\n","protected":false},"excerpt":{"rendered":"<p>Korszer\u0171, biztons\u00e1gos \u00e9s gyors&nbsp;informatikai eszk\u00f6z\u00f6k \u00e9s h\u00e1l\u00f3zatok&nbsp;n\u00e9lk\u00fcl aligha k\u00e9pzelhet\u0151 el eredm\u00e9nyes munkav\u00e9gz\u00e9s, hat\u00e9kony m\u0171k\u00f6d\u00e9s. Seg\u00edt\u00fcnk kialak\u00edtani vagy \u00e1talak\u00edtani a megfelel\u0151 eszk\u00f6zparkot a kapcsol\u00f3d\u00f3 infrastruktur\u00e1lis fejleszt\u00e9ssel egy\u00fctt. \u00dcgyfeleink&nbsp;informatikai rendszer\u00e9nek teljes ki\u00e9p\u00edt\u00e9s\u00e9t&nbsp;v\u00e1llaljuk, a h\u00e1l\u00f3zati elemekt\u0151l kezdve a [&hellip;]<\/p>\n","protected":false},"author":1,"featured_media":0,"parent":0,"menu_order":0,"comment_status":"closed","ping_status":"closed","template":"","meta":{"footnotes":""},"class_list":["post-172","page","type-page","status-publish","hentry"],"_links":{"self":[{"href":"https:\/\/needit.hu\/index.php\/wp-json\/wp\/v2\/pages\/172","targetHints":{"allow":["GET"]}}],"collection":[{"href":"https:\/\/needit.hu\/index.php\/wp-json\/wp\/v2\/pages"}],"about":[{"href":"https:\/\/needit.hu\/index.php\/wp-json\/wp\/v2\/types\/page"}],"author":[{"embeddable":true,"href":"https:\/\/needit.hu\/index.php\/wp-json\/wp\/v2\/users\/1"}],"replies":[{"embeddable":true,"href":"https:\/\/needit.hu\/index.php\/wp-json\/wp\/v2\/comments?post=172"}],"version-history":[{"count":0,"href":"https:\/\/needit.hu\/index.php\/wp-json\/wp\/v2\/pages\/172\/revisions"}],"wp:attachment":[{"href":"https:\/\/needit.hu\/index.php\/wp-json\/wp\/v2\/media?parent=172"}],"curies":[{"name":"wp","href":"https:\/\/api.w.org\/{rel}","templated":true}]}}

Rendszerkiépítés, rendszerintegráció

<div class="wp-block-columns is-layout-flex wp-container-core-columns-is-layout-9d6595d7 wp-block-columns-is-layout-flex">
<div class="wp-block-column is-layout-flow wp-block-column-is-layout-flow">
<p>Korszerű, biztonságos és gyors&nbsp;<strong>informatikai eszközök és hálózatok</strong>&nbsp;nélkül aligha képzelhető el eredményes munkavégzés, hatékony működés. Segítünk kialakítani vagy átalakítani a megfelelő eszközparkot a kapcsolódó infrastrukturális fejlesztéssel együtt. Ügyfeleink&nbsp;<strong>informatikai rendszerének teljes kiépítését</strong>&nbsp;vállaljuk, a hálózati elemektől kezdve a szerverek és kliens számítógépek, az operációs rendszerek, szoftverelemeken keresztül egészen az alkalmazások telepítéséig.</p>
</div>
</div>



<div class="wp-block-buttons is-layout-flex wp-block-buttons-is-layout-flex">
<div class="wp-block-button"><a class="wp-block-button__link" href="szolgaltatasok">Vissza</a></div>
</div>

<p>Korszerű, biztonságos és gyors&nbsp;informatikai eszközök és hálózatok&nbsp;nélkül aligha képzelhető el eredményes munkavégzés, hatékony működés. Segítünk kialakítani vagy átalakítani a megfelelő eszközparkot a kapcsolódó infrastrukturális fejlesztéssel együtt. Ügyfeleink&nbsp;informatikai rendszerének teljes kiépítését&nbsp;vállaljuk, a hálózati elemektől kezdve a [&hellip;]</p>
